{"id":75,"date":"2016-06-14T06:36:54","date_gmt":"2016-06-14T06:36:54","guid":{"rendered":"http:\/\/sw-themes.com\/porto_dummy\/?page_id=75"},"modified":"2023-11-22T17:42:28","modified_gmt":"2023-11-22T16:42:28","slug":"kontakt","status":"publish","type":"page","link":"https:\/\/www.yammi.dk\/takeaway\/kontakt\/","title":{"rendered":"Kontakt os"},"content":{"rendered":"<div class=\"wpb-content-wrapper\"><p>[vc_row wrap_container=&#8221;yes&#8221; el_class=&#8221;m-b-xl&#8221; css=&#8221;.vc_custom_1542188227814{padding-top: 50px !important;}&#8221;][vc_column width=&#8221;1\/2&#8243;][vc_custom_heading text=&#8221;Kontakt <strong>Yammi<\/strong>&#8221; font_container=&#8221;tag:h4|text_align:left&#8221; use_theme_fonts=&#8221;yes&#8221; skin=&#8221;primary&#8221; el_class=&#8221;m-t&#8221;][vc_column_text]Har du sp\u00f8rgsm\u00e5l til din bestilling eller vil du bare gerne i kontakt med os, s\u00e5 er der flere m\u00e5der at g\u00f8re det p\u00e5.<\/p>\n<p>Vi sidder klar mandag til fredag kl. 9 til 22, og l\u00f8rdag plus s\u00f8ndag fra 11 til 22.<\/p>\n<p>Vi g\u00e5r efter at svare dig s\u00e5 hurtigt som muligt.<\/p>\n<p>Her kan du se mulighederne og hvor godt vi g\u00f8r det.<\/p>\n<ul>\n<li>Chat med os<br \/>\nSvartid ca. 1 min. (Find chatten nederst til h\u00f8jre i dit browservindue)<\/li>\n<li>Telefon 00 00 00 00<br \/>\nSvartid ca. 1 min.<\/li>\n<li>Send en besked via kontakt formular til h\u00f8jre<br \/>\nSvartid ca. 10 min.<\/li>\n<li>Send en besked p\u00e5 Facebook<br \/>\nSvartid ca. 10 min.<\/li>\n<\/ul>\n<p>Hvis det, du vil snakke med os om, ikke haster helt vildt, s\u00e5 skriv en besked til os. Det tillader os mange gange at kigge lidt dybere p\u00e5 din henvendelse fremfor et hurtigt svar p\u00e5 chat eller telefonen.<\/p>\n<h2>Facebook, Instagram og Google+<\/h2>\n<p>Vi elsker de sociale medier, og du er altid velkommen til at kontakte os via dem &#8211; uanset hvad det drejer sig om. S\u00e5 har du noget, vi skal h\u00f8re om, kan du finde os her:<\/p>\n<p data-wp-editing=\"1\"><img loading=\"lazy\" decoding=\"async\" class=\"alignnone wp-image-3435\" src=\"https:\/\/www.yammi.dk\/takeaway\/wp-content\/uploads\/2020\/06\/facebook-1.png\" alt=\"\" width=\"41\" height=\"42\" \/> <a href=\"#\" target=\"_blank\" rel=\"noopener noreferrer\">Yammi p\u00e5 Facebook<\/a>\u00a0 <img loading=\"lazy\" decoding=\"async\" class=\"alignnone wp-image-3436\" src=\"https:\/\/www.yammi.dk\/takeaway\/wp-content\/uploads\/2020\/06\/insta.png\" alt=\"\" width=\"41\" height=\"41\" \/> <a href=\"#\" target=\"_blank\" rel=\"noopener noreferrer\">Yammi p\u00e5 Instagram<\/a>\u00a0 <img loading=\"lazy\" decoding=\"async\" class=\"alignnone wp-image-3437\" src=\"https:\/\/www.yammi.dk\/takeaway\/wp-content\/uploads\/2020\/06\/g-1.png\" alt=\"\" width=\"40\" height=\"42\" \/> <a href=\"#\" target=\"_blank\" rel=\"noopener noreferrer\">Yammi p\u00e5 Google+<\/a><\/p>\n<p>[\/vc_column_text][\/vc_column][vc_column width=&#8221;1\/2&#8243;][vc_custom_heading text=&#8221;Hvad er dit <strong>sp\u00f8rgsm\u00e5l?<\/strong>&#8221; font_container=&#8221;tag:h4|text_align:left&#8221; use_theme_fonts=&#8221;yes&#8221; skin=&#8221;primary&#8221;]<div class=\"porto-toggles wpb_content_element \">[vc_toggle title=&#8221;Min ordre er blevet afvist. Hvad g\u00f8r jeg?&#8221;]<span data-sheets-value=\"{&quot;1&quot;:2,&quot;2&quot;:&quot;Hvis din ordre er blevet annulleret, vil dine penge allerede v\\u00e6re retur p\\u00e5 din bankkonto. Hvis du har benyttet et gavekort, vil dette ligeledes v\\u00e6re retur p\\u00e5 din Just Eat konto.\\n\\nDu kan derfor trygt bestille fra en anden restaurant.&quot;}\" data-sheets-userformat=\"{&quot;2&quot;:7041,&quot;3&quot;:{&quot;1&quot;:0},&quot;10&quot;:0,&quot;11&quot;:4,&quot;12&quot;:0,&quot;14&quot;:{&quot;1&quot;:2,&quot;2&quot;:0},&quot;15&quot;:&quot;Ubuntu&quot;}\">Vi beklager meget hvis din ordre er blevet afvist.<\/span><\/p>\n<p><span data-sheets-value=\"{&quot;1&quot;:2,&quot;2&quot;:&quot;Hvis din ordre er blevet annulleret, vil dine penge allerede v\\u00e6re retur p\\u00e5 din bankkonto. Hvis du har benyttet et gavekort, vil dette ligeledes v\\u00e6re retur p\\u00e5 din Just Eat konto.\\n\\nDu kan derfor trygt bestille fra en anden restaurant.&quot;}\" data-sheets-userformat=\"{&quot;2&quot;:7041,&quot;3&quot;:{&quot;1&quot;:0},&quot;10&quot;:0,&quot;11&quot;:4,&quot;12&quot;:0,&quot;14&quot;:{&quot;1&quot;:2,&quot;2&quot;:0},&quot;15&quot;:&quot;Ubuntu&quot;}\">Hvis du har forh\u00e5ndsbetalt din ordre, har vi allerede retuneret pengene til din\u00a0bankkonto igen.\u00a0Du kan derfor trygt bestille, fra en anden restaurant.<\/span><\/p>\n<p><span data-sheets-value=\"{&quot;1&quot;:2,&quot;2&quot;:&quot;Hvis din ordre er blevet annulleret, vil dine penge allerede v\\u00e6re retur p\\u00e5 din bankkonto. Hvis du har benyttet et gavekort, vil dette ligeledes v\\u00e6re retur p\\u00e5 din Just Eat konto.\\n\\nDu kan derfor trygt bestille fra en anden restaurant.&quot;}\" data-sheets-userformat=\"{&quot;2&quot;:7041,&quot;3&quot;:{&quot;1&quot;:0},&quot;10&quot;:0,&quot;11&quot;:4,&quot;12&quot;:0,&quot;14&quot;:{&quot;1&quot;:2,&quot;2&quot;:0},&quot;15&quot;:&quot;Ubuntu&quot;}\">Hvis du har benyttet et gavekort, vil dette v\u00e6re retur p\u00e5 din Yammi konto.<\/span>[\/vc_toggle][vc_toggle title=&#8221;Min mad er forsinket. Hvad kan jeg g\u00f8re?&#8221;]<span data-sheets-value=\"{&quot;1&quot;:2,&quot;2&quot;:&quot;\\nVi er kede af, at din mad er forsinket. Det bedste, du kan g\\u00f8re, er at ringe til restauranten og h\\u00f8re, hvorn\\u00e5r din bestilling vil v\\u00e6re fremme. Restaurantens nummer st\\u00e5r i den bekr\\u00e6ftelse, vi har sendt dig p\\u00e5 e-mail.\\n\\nHvis du ikke kan f\\u00e5 l\\u00f8st det med restauranten, kan du kontakte os med en af de nedenst\\u00e5ende l\\u00f8sninger. Hvis du har dit ordrenummer klar, som st\\u00e5r i samme e-mail, s\\u00e5 kan vi hj\\u00e6lpe dig hurtigere.\\n&quot;}\" data-sheets-userformat=\"{&quot;2&quot;:7041,&quot;3&quot;:{&quot;1&quot;:0},&quot;10&quot;:0,&quot;11&quot;:4,&quot;12&quot;:0,&quot;14&quot;:{&quot;1&quot;:2,&quot;2&quot;:0},&quot;15&quot;:&quot;Ubuntu&quot;}\">Vi beklager din bestilling er forsinket. Det bedste du kan g\u00f8re er at kontakte restauranten, og forh\u00f8re hvorn\u00e5r din bestilling er fremme. Telefonnummert st\u00e5r i den bekr\u00e6ftelse, vi har sendt dig per. e-mail.<\/span><\/p>\n<p>Hvis du ikke kan f\u00e5 l\u00f8st det med restauranten, kan du kontakte os via en af de nedenst\u00e5ende l\u00f8sninger.\u00a0Have gerne dit ordrenummer klar, s\u00e5 kan vi hj\u00e6lpe dig bedst muligt. Du finder det i samme e-mail.[\/vc_toggle][vc_toggle title=&#8221;Hvordan ved jeg, om min ordre er blevet accepteret?&#8221;]<span data-sheets-value=\"{&quot;1&quot;:2,&quot;2&quot;:&quot;Du vil modtage en bekr\\u00e6ftelse p\\u00e5 e-mail, lige s\\u00e5 snart restauranten har accepteret din bestilling. Hvis du ikke kan se den i din indbakke, s\\u00e5 kig eventuelt i dit spam-filter.\\n\\nDu kan ogs\\u00e5 se, om en ordre er accepteret ved at kigge i din ordreoversigt. Kan du se ordren p\\u00e5 listen, betyder det, at den er accepteret. Det kan du ogs\\u00e5 g\\u00f8re p\\u00e5 din telefon og din tablet.\\n&quot;}\" data-sheets-userformat=\"{&quot;2&quot;:7041,&quot;3&quot;:{&quot;1&quot;:0},&quot;10&quot;:0,&quot;11&quot;:4,&quot;12&quot;:0,&quot;14&quot;:{&quot;1&quot;:2,&quot;2&quot;:0},&quot;15&quot;:&quot;Ubuntu&quot;}\">Du vil modtage en bekr\u00e6ftelse p\u00e5 e-mail, lige s\u00e5 snart restauranten har accepteret din bestilling. Hvis du ikke kan se den i din indbakke, s\u00e5 kig eventuelt i dit spam-filter.<\/span>[\/vc_toggle][vc_toggle title=&#8221;Jeg har modtaget en forkert bestilling. Hvad g\u00f8r jeg?&#8221;]<span data-sheets-value=\"{&quot;1&quot;:2,&quot;2&quot;:&quot;Du vil modtage en bekr\\u00e6ftelse p\\u00e5 e-mail, lige s\\u00e5 snart restauranten har accepteret din bestilling. Hvis du ikke kan se den i din indbakke, s\\u00e5 kig eventuelt i dit spam-filter.\\n\\nDu kan ogs\\u00e5 se, om en ordre er accepteret ved at kigge i din ordreoversigt. Kan du se ordren p\\u00e5 listen, betyder det, at den er accepteret. Det kan du ogs\\u00e5 g\\u00f8re p\\u00e5 din telefon og din tablet.\\n&quot;}\" data-sheets-userformat=\"{&quot;2&quot;:7041,&quot;3&quot;:{&quot;1&quot;:0},&quot;10&quot;:0,&quot;11&quot;:4,&quot;12&quot;:0,&quot;14&quot;:{&quot;1&quot;:2,&quot;2&quot;:0},&quot;15&quot;:&quot;Ubuntu&quot;}\">Vi er kede af, at du har modtaget noget forkert. Vi anbefaler, at du straks ringer ned til restauranten, s\u00e5 I kan finde en l\u00f8sning sammen. Deres nummer st\u00e5r i den bekr\u00e6ftelse, vi har sendt dig p\u00e5 e-mail.<\/span><\/p>\n<p>Hvis du ikke kan f\u00e5 l\u00f8st det med restauranten, kan du altid kontakte os med en af de nedenst\u00e5ende l\u00f8sninger. Hvis du har dit ordrenummer klar, som st\u00e5r i samme e-mail, s\u00e5 kan vi hj\u00e6lpe dig hurtigere.[\/vc_toggle]<\/div>[vc_separator color=&#8221;custom&#8221; gradient=&#8221;yes&#8221;]\n<div class=\"wpcf7 no-js\" id=\"wpcf7-f3079-o1\" lang=\"da-DK\" dir=\"ltr\">\n<div class=\"screen-reader-response\"><p role=\"status\" aria-live=\"polite\" aria-atomic=\"true\"><\/p> <ul><\/ul><\/div>\n<form action=\"\/takeaway\/wp-json\/wp\/v2\/pages\/75#wpcf7-f3079-o1\" method=\"post\" class=\"wpcf7-form init\" aria-label=\"Kontaktformular\" novalidate=\"novalidate\" data-status=\"init\">\n<div style=\"display: none;\">\n<input type=\"hidden\" name=\"_wpcf7\" value=\"3079\" \/>\n<input type=\"hidden\" name=\"_wpcf7_version\" value=\"5.9.8\" \/>\n<input type=\"hidden\" name=\"_wpcf7_locale\" value=\"da_DK\" \/>\n<input type=\"hidden\" name=\"_wpcf7_unit_tag\" value=\"wpcf7-f3079-o1\" \/>\n<input type=\"hidden\" name=\"_wpcf7_container_post\" value=\"0\" \/>\n<input type=\"hidden\" name=\"_wpcf7_posted_data_hash\" value=\"\" \/>\n<input type=\"hidden\" name=\"_wpcf7_recaptcha_response\" value=\"\" \/>\n<\/div>\n<div class=\"row\">\n    <div class=\"col-lg-12\">\n        <div class=\"form-group\">\n            <label for=\"contact-name\">Dit navn (p\u00e5kr\u00e6vet)*<\/label>\n            <span class=\"wpcf7-form-control-wrap\" data-name=\"your-name\"><input size=\"40\" maxlength=\"400\" class=\"wpcf7-form-control wpcf7-text wpcf7-validates-as-required form-control\" id=\"contact-name\" aria-required=\"true\" aria-invalid=\"false\" value=\"\" type=\"text\" name=\"your-name\" \/><\/span>\n        <\/div>\n    <\/div>\n    <div class=\"col-lg-12\">\n        <div class=\"form-group\">\n            <label for=\"contact-email\">Din e-mail (p\u00e5kr\u00e6vet)*<\/label>\n            <span class=\"wpcf7-form-control-wrap\" data-name=\"your-email\"><input size=\"40\" maxlength=\"400\" class=\"wpcf7-form-control wpcf7-email wpcf7-validates-as-required wpcf7-text wpcf7-validates-as-email form-control\" id=\"contact-email\" aria-required=\"true\" aria-invalid=\"false\" value=\"\" type=\"email\" name=\"your-email\" \/><\/span>\n        <\/div>\n    <\/div>\n    <div class=\"col-lg-12\">\n        <div class=\"form-group\">\n            <label for=\"contact-subject\">Emne<\/label>\n            <span class=\"wpcf7-form-control-wrap\" data-name=\"your-subject\"><input size=\"40\" maxlength=\"400\" class=\"wpcf7-form-control wpcf7-text form-control\" id=\"contact-subject\" aria-invalid=\"false\" value=\"\" type=\"text\" name=\"your-subject\" \/><\/span>\n        <\/div>\n    <\/div>\n    <div class=\"col-lg-12\">\n        <div class=\"form-group\">\n            <label for=\"contact-message\">Besked*<\/label>\n            <span class=\"wpcf7-form-control-wrap\" data-name=\"your-message\"><textarea cols=\"40\" rows=\"3\" maxlength=\"2000\" class=\"wpcf7-form-control wpcf7-textarea wpcf7-validates-as-required form-control\" id=\"contact-message\" aria-required=\"true\" aria-invalid=\"false\" name=\"your-message\"><\/textarea><\/span>\n        <\/div>\n    <\/div>\n<span class=\"wpcf7-form-control-wrap recaptcha\" data-name=\"recaptcha\"><span data-sitekey=\"6LdiF68ZAAAAAPcoOuRtNzqd1WGWknQJC0KNCUza\" class=\"wpcf7-form-control wpcf7-recaptcha g-recaptcha\"><\/span>\r\n<noscript>\r\n\t<div class=\"grecaptcha-noscript\">\r\n\t\t<iframe loading=\"lazy\" src=\"https:\/\/www.google.com\/recaptcha\/api\/fallback?k=6LdiF68ZAAAAAPcoOuRtNzqd1WGWknQJC0KNCUza\" frameborder=\"0\" scrolling=\"no\" width=\"310\" height=\"430\">\r\n\t\t<\/iframe>\r\n\t\t<textarea name=\"g-recaptcha-response\" rows=\"3\" cols=\"40\" placeholder=\"reCaptcha respons her\">\r\n\t\t<\/textarea>\r\n\t<\/div>\r\n<\/noscript>\r\n<\/span>\n    <div class=\"col-lg-12\">\n        <div class=\"form-group\">\n           <input class=\"wpcf7-form-control wpcf7-submit has-spinner btn btn-primary\" type=\"submit\" value=\"Send\" \/>\n        <\/div>\n    <\/div>\n<\/div><p style=\"display: none !important;\" class=\"akismet-fields-container\" data-prefix=\"_wpcf7_ak_\"><label>&#916;<textarea name=\"_wpcf7_ak_hp_textarea\" cols=\"45\" rows=\"8\" maxlength=\"100\"><\/textarea><\/label><input type=\"hidden\" id=\"ak_js_1\" name=\"_wpcf7_ak_js\" value=\"49\"\/><script>document.getElementById( \"ak_js_1\" ).setAttribute( \"value\", ( new Date() ).getTime() );<\/script><\/p><div class=\"wpcf7-response-output\" aria-hidden=\"true\"><\/div>\n<\/form>\n<\/div>\n[\/vc_column][\/vc_row][vc_row][vc_column][vc_separator color=&#8221;custom&#8221; gradient=&#8221;yes&#8221;][\/vc_column][\/vc_row][vc_row][vc_column width=&#8221;1\/4&#8243;][\/vc_column][vc_column width=&#8221;1\/2&#8243;][vc_column_text css_animation=&#8221;none&#8221;]<\/p>\n<h4 class=\"ng-binding\">Er du ejer af en restaurant og gerne vil have den p\u00e5 Yammi?<\/h4>\n<p>[\/vc_column_text][vc_btn title=&#8221;Ja tak, jeg vil gerne tilmelde min restaurant&#8221; style=&#8221;flat&#8221; color=&#8221;sandy-brown&#8221; align=&#8221;center&#8221; animation_type=&#8221;tada&#8221; link=&#8221;url:https%3A%2F%2Fwww.yammi.dk%2Ftakeaway%2Frestaurant-tilmelding%2F|title:Restaurant%20tilmelding||&#8221;][vc_column_text]<\/p>\n<div class=\"partnerSection alignCenter l-col l-col--xs-4 l-col--md-8 l-col--lg-12\" data-ng-repeat=\"section in data.partner.sections\">\n<p class=\"ng-binding ng-scope\" data-ng-if=\"section.paragraph\" data-ng-bind-html=\"section.paragraph\">Er du allerede en del af Yammi? <a href=\"https:\/\/www.yammi.dk\/merchant\/login\">Administr\u00e9r din restaurant<\/a><\/p>\n<\/div>\n<p>[\/vc_column_text][vc_separator color=&#8221;custom&#8221; gradient=&#8221;yes&#8221;][\/vc_column][vc_column width=&#8221;1\/4&#8243;][\/vc_column][\/vc_row]<\/p>\n<\/div>","protected":false},"excerpt":{"rendered":"<p>[vc_row wrap_container=&#8221;yes&#8221; el_class=&#8221;m-b-xl&#8221; css=&#8221;.vc_custom_1542188227814{padding-top: 50px !important;}&#8221;][vc_column width=&#8221;1\/2&#8243;][vc_custom_heading text=&#8221;Kontakt Yammi&#8221; font_container=&#8221;tag:h4|text_align:left&#8221; use_theme_fonts=&#8221;yes&#8221; skin=&#8221;primary&#8221; el_class=&#8221;m-t&#8221;][vc_column_text]Har du sp\u00f8rgsm\u00e5l til din bestilling eller vil du bare gerne i kontakt med os, s\u00e5 er der flere m\u00e5der at g\u00f8re det p\u00e5. Vi sidder klar mandag til fredag kl. 9 til 22, og l\u00f8rdag plus s\u00f8ndag fra 11 til 22. Vi [&hellip;]<\/p>\n","protected":false},"author":1,"featured_media":0,"parent":0,"menu_order":0,"comment_status":"closed","ping_status":"closed","template":"","meta":{"footnotes":""},"class_list":["post-75","page","type-page","status-publish","hentry"],"yoast_head":"<!-- This site is optimized with the Yoast SEO plugin v23.7 - https:\/\/yoast.com\/wordpress\/plugins\/seo\/ -->\n<title>Kontakt os - Yammi Takeaway<\/title>\n<meta name=\"robots\" content=\"noindex, follow, max-snippet:-1, max-image-preview:large, max-video-preview:-1\" \/>\n<meta property=\"og:locale\" content=\"da_DK\" \/>\n<meta property=\"og:type\" content=\"article\" \/>\n<meta property=\"og:title\" content=\"Kontakt os - Yammi Takeaway\" \/>\n<meta property=\"og:description\" content=\"[vc_row wrap_container=&#8221;yes&#8221; el_class=&#8221;m-b-xl&#8221; css=&#8221;.vc_custom_1542188227814{padding-top: 50px !important;}&#8221;][vc_column width=&#8221;1\/2&#8243;][vc_custom_heading text=&#8221;Kontakt Yammi&#8221; font_container=&#8221;tag:h4|text_align:left&#8221; use_theme_fonts=&#8221;yes&#8221; skin=&#8221;primary&#8221; el_class=&#8221;m-t&#8221;][vc_column_text]Har du sp\u00f8rgsm\u00e5l til din bestilling eller vil du bare gerne i kontakt med os, s\u00e5 er der flere m\u00e5der at g\u00f8re det p\u00e5. Vi sidder klar mandag til fredag kl. 9 til 22, og l\u00f8rdag plus s\u00f8ndag fra 11 til 22. Vi [&hellip;]\" \/>\n<meta property=\"og:url\" content=\"https:\/\/www.yammi.dk\/takeaway\/kontakt\/\" \/>\n<meta property=\"og:site_name\" content=\"Yammi Takeaway\" \/>\n<meta property=\"article:modified_time\" content=\"2023-11-22T16:42:28+00:00\" \/>\n<meta property=\"og:image\" content=\"https:\/\/www.yammi.dk\/takeaway\/wp-content\/uploads\/2020\/06\/facebook-1.png\" \/>\n<meta name=\"twitter:card\" content=\"summary_large_image\" \/>\n<meta name=\"twitter:label1\" content=\"Estimeret l\u00e6setid\" \/>\n\t<meta name=\"twitter:data1\" content=\"4 minutter\" \/>\n<script type=\"application\/ld+json\" class=\"yoast-schema-graph\">{\"@context\":\"https:\/\/schema.org\",\"@graph\":[{\"@type\":\"WebPage\",\"@id\":\"https:\/\/www.yammi.dk\/takeaway\/kontakt\/\",\"url\":\"https:\/\/www.yammi.dk\/takeaway\/kontakt\/\",\"name\":\"Kontakt os - Yammi Takeaway\",\"isPartOf\":{\"@id\":\"https:\/\/www.yammi.dk\/takeaway\/#website\"},\"primaryImageOfPage\":{\"@id\":\"https:\/\/www.yammi.dk\/takeaway\/kontakt\/#primaryimage\"},\"image\":{\"@id\":\"https:\/\/www.yammi.dk\/takeaway\/kontakt\/#primaryimage\"},\"thumbnailUrl\":\"https:\/\/www.yammi.dk\/takeaway\/wp-content\/uploads\/2020\/06\/facebook-1.png\",\"datePublished\":\"2016-06-14T06:36:54+00:00\",\"dateModified\":\"2023-11-22T16:42:28+00:00\",\"breadcrumb\":{\"@id\":\"https:\/\/www.yammi.dk\/takeaway\/kontakt\/#breadcrumb\"},\"inLanguage\":\"da-DK\",\"potentialAction\":[{\"@type\":\"ReadAction\",\"target\":[\"https:\/\/www.yammi.dk\/takeaway\/kontakt\/\"]}]},{\"@type\":\"ImageObject\",\"inLanguage\":\"da-DK\",\"@id\":\"https:\/\/www.yammi.dk\/takeaway\/kontakt\/#primaryimage\",\"url\":\"https:\/\/www.yammi.dk\/takeaway\/wp-content\/uploads\/2020\/06\/facebook-1.png\",\"contentUrl\":\"https:\/\/www.yammi.dk\/takeaway\/wp-content\/uploads\/2020\/06\/facebook-1.png\",\"width\":45,\"height\":45},{\"@type\":\"BreadcrumbList\",\"@id\":\"https:\/\/www.yammi.dk\/takeaway\/kontakt\/#breadcrumb\",\"itemListElement\":[{\"@type\":\"ListItem\",\"position\":1,\"name\":\"Hjem\",\"item\":\"https:\/\/www.yammi.dk\/takeaway\/\"},{\"@type\":\"ListItem\",\"position\":2,\"name\":\"Kontakt os\"}]},{\"@type\":\"WebSite\",\"@id\":\"https:\/\/www.yammi.dk\/takeaway\/#website\",\"url\":\"https:\/\/www.yammi.dk\/takeaway\/\",\"name\":\"Yammi Takeaway\",\"description\":\"Yammi.dk - Bestil Take Away Mad - Pizza, Burger, Kebab, Sushi og mere\",\"potentialAction\":[{\"@type\":\"SearchAction\",\"target\":{\"@type\":\"EntryPoint\",\"urlTemplate\":\"https:\/\/www.yammi.dk\/takeaway\/?s={search_term_string}\"},\"query-input\":{\"@type\":\"PropertyValueSpecification\",\"valueRequired\":true,\"valueName\":\"search_term_string\"}}],\"inLanguage\":\"da-DK\"}]}<\/script>\n<!-- \/ Yoast SEO plugin. -->","yoast_head_json":{"title":"Kontakt os - Yammi Takeaway","robots":{"index":"noindex","follow":"follow","max-snippet":"max-snippet:-1","max-image-preview":"max-image-preview:large","max-video-preview":"max-video-preview:-1"},"og_locale":"da_DK","og_type":"article","og_title":"Kontakt os - Yammi Takeaway","og_description":"[vc_row wrap_container=&#8221;yes&#8221; el_class=&#8221;m-b-xl&#8221; css=&#8221;.vc_custom_1542188227814{padding-top: 50px !important;}&#8221;][vc_column width=&#8221;1\/2&#8243;][vc_custom_heading text=&#8221;Kontakt Yammi&#8221; font_container=&#8221;tag:h4|text_align:left&#8221; use_theme_fonts=&#8221;yes&#8221; skin=&#8221;primary&#8221; el_class=&#8221;m-t&#8221;][vc_column_text]Har du sp\u00f8rgsm\u00e5l til din bestilling eller vil du bare gerne i kontakt med os, s\u00e5 er der flere m\u00e5der at g\u00f8re det p\u00e5. Vi sidder klar mandag til fredag kl. 9 til 22, og l\u00f8rdag plus s\u00f8ndag fra 11 til 22. Vi [&hellip;]","og_url":"https:\/\/www.yammi.dk\/takeaway\/kontakt\/","og_site_name":"Yammi Takeaway","article_modified_time":"2023-11-22T16:42:28+00:00","og_image":[{"url":"https:\/\/www.yammi.dk\/takeaway\/wp-content\/uploads\/2020\/06\/facebook-1.png"}],"twitter_card":"summary_large_image","twitter_misc":{"Estimeret l\u00e6setid":"4 minutter"},"schema":{"@context":"https:\/\/schema.org","@graph":[{"@type":"WebPage","@id":"https:\/\/www.yammi.dk\/takeaway\/kontakt\/","url":"https:\/\/www.yammi.dk\/takeaway\/kontakt\/","name":"Kontakt os - Yammi Takeaway","isPartOf":{"@id":"https:\/\/www.yammi.dk\/takeaway\/#website"},"primaryImageOfPage":{"@id":"https:\/\/www.yammi.dk\/takeaway\/kontakt\/#primaryimage"},"image":{"@id":"https:\/\/www.yammi.dk\/takeaway\/kontakt\/#primaryimage"},"thumbnailUrl":"https:\/\/www.yammi.dk\/takeaway\/wp-content\/uploads\/2020\/06\/facebook-1.png","datePublished":"2016-06-14T06:36:54+00:00","dateModified":"2023-11-22T16:42:28+00:00","breadcrumb":{"@id":"https:\/\/www.yammi.dk\/takeaway\/kontakt\/#breadcrumb"},"inLanguage":"da-DK","potentialAction":[{"@type":"ReadAction","target":["https:\/\/www.yammi.dk\/takeaway\/kontakt\/"]}]},{"@type":"ImageObject","inLanguage":"da-DK","@id":"https:\/\/www.yammi.dk\/takeaway\/kontakt\/#primaryimage","url":"https:\/\/www.yammi.dk\/takeaway\/wp-content\/uploads\/2020\/06\/facebook-1.png","contentUrl":"https:\/\/www.yammi.dk\/takeaway\/wp-content\/uploads\/2020\/06\/facebook-1.png","width":45,"height":45},{"@type":"BreadcrumbList","@id":"https:\/\/www.yammi.dk\/takeaway\/kontakt\/#breadcrumb","itemListElement":[{"@type":"ListItem","position":1,"name":"Hjem","item":"https:\/\/www.yammi.dk\/takeaway\/"},{"@type":"ListItem","position":2,"name":"Kontakt os"}]},{"@type":"WebSite","@id":"https:\/\/www.yammi.dk\/takeaway\/#website","url":"https:\/\/www.yammi.dk\/takeaway\/","name":"Yammi Takeaway","description":"Yammi.dk - Bestil Take Away Mad - Pizza, Burger, Kebab, Sushi og mere","potentialAction":[{"@type":"SearchAction","target":{"@type":"EntryPoint","urlTemplate":"https:\/\/www.yammi.dk\/takeaway\/?s={search_term_string}"},"query-input":{"@type":"PropertyValueSpecification","valueRequired":true,"valueName":"search_term_string"}}],"inLanguage":"da-DK"}]}},"_links":{"self":[{"href":"https:\/\/www.yammi.dk\/takeaway\/wp-json\/wp\/v2\/pages\/75"}],"collection":[{"href":"https:\/\/www.yammi.dk\/takeaway\/wp-json\/wp\/v2\/pages"}],"about":[{"href":"https:\/\/www.yammi.dk\/takeaway\/wp-json\/wp\/v2\/types\/page"}],"author":[{"embeddable":true,"href":"https:\/\/www.yammi.dk\/takeaway\/wp-json\/wp\/v2\/users\/1"}],"replies":[{"embeddable":true,"href":"https:\/\/www.yammi.dk\/takeaway\/wp-json\/wp\/v2\/comments?post=75"}],"version-history":[{"count":49,"href":"https:\/\/www.yammi.dk\/takeaway\/wp-json\/wp\/v2\/pages\/75\/revisions"}],"predecessor-version":[{"id":3054,"href":"https:\/\/www.yammi.dk\/takeaway\/wp-json\/wp\/v2\/pages\/75\/revisions\/3054"}],"wp:attachment":[{"href":"https:\/\/www.yammi.dk\/takeaway\/wp-json\/wp\/v2\/media?parent=75"}],"curies":[{"name":"wp","href":"https:\/\/api.w.org\/{rel}","templated":true}]}}