{"id":3098,"date":"2020-05-24T13:51:15","date_gmt":"2020-05-24T11:51:15","guid":{"rendered":"https:\/\/www.yammi.dk\/takeaway\/?page_id=3098"},"modified":"2020-05-30T00:48:12","modified_gmt":"2020-05-29T22:48:12","slug":"nyhedsbrev","status":"publish","type":"page","link":"https:\/\/www.yammi.dk\/takeaway\/nyhedsbrev\/","title":{"rendered":"Nyhedsbrev"},"content":{"rendered":"<div class=\"wpb-content-wrapper\"><p>[vc_row wrap_container=&#8221;yes&#8221;][vc_column]<div id=\"interactive-banner-wrap-dcct\" class=\"porto-ibanner mb-0\" style=\"background:#eeeeee;min-height:550px;\"><div class=\"porto-ibanner-desc no-padding d-flex\"><div class=\"porto-ibanner-layer wpb_custom_2c5109c031829f9c54153ed0e6239ff6 banner-pos-bfcbae4c8532bb0d44173291ffced35b\" style=\"width:90%;\">[vc_custom_heading text=&#8221;Vind Kr. 1.000,- til take away&#8221; font_container=&#8221;tag:h3|font_size:1.375rem|text_align:center|line_height:1&#8243; use_theme_fonts=&#8221;yes&#8221; letter_spacing=&#8221;-.02em&#8221; el_class=&#8221;mb-1&#8243;][vc_empty_space][vc_custom_heading text=&#8221;Vi skaffer hver uge nye tilbud fra vores restauranter.<\/p>\n<p>Skal vi give dig besked, n\u00e5r der er noget billigt p\u00e5 menuen i n\u00e6rheden af dig?<br \/>\nDu deltager samtidig i den m\u00e5nedlige lodtr\u00e6kning om et gavekort til Yammi.dk p\u00e5 kr. 1.000,-<\/p>\n<p>Tilmeld dig her, s\u00e5 giver vi dig besked.<\/p>\n<p>Og modsat en familiepizza med pepperoni til halv pris, s\u00e5 er det nemt at sige: &#8220;nej tak, du!&#8220;, hvis du ikke vil have flere tilbud.&#8221; font_container=&#8221;tag:h6|font_size:1rem|text_align:left|color:%23777777|line_height:1.4&#8243; use_theme_fonts=&#8221;yes&#8221; font_weight=&#8221;400&#8243; el_class=&#8221;mb-4&#8243;][vc_empty_space]\n<div class=\"wpcf7 no-js\" id=\"wpcf7-f3404-o1\" lang=\"en-US\" dir=\"ltr\">\n<div class=\"screen-reader-response\"><p role=\"status\" aria-live=\"polite\" aria-atomic=\"true\"><\/p> <ul><\/ul><\/div>\n<form action=\"\/takeaway\/wp-json\/wp\/v2\/pages\/3098#wpcf7-f3404-o1\" method=\"post\" class=\"wpcf7-form init\" aria-label=\"Contact form\" novalidate=\"novalidate\" data-status=\"init\">\n<div style=\"display: none;\">\n<input type=\"hidden\" name=\"_wpcf7\" value=\"3404\" \/>\n<input type=\"hidden\" name=\"_wpcf7_version\" value=\"5.9.8\" \/>\n<input type=\"hidden\" name=\"_wpcf7_locale\" value=\"en_US\" \/>\n<input type=\"hidden\" name=\"_wpcf7_unit_tag\" value=\"wpcf7-f3404-o1\" \/>\n<input type=\"hidden\" name=\"_wpcf7_container_post\" value=\"0\" \/>\n<input type=\"hidden\" name=\"_wpcf7_posted_data_hash\" value=\"\" \/>\n<input type=\"hidden\" name=\"_wpcf7_recaptcha_response\" value=\"\" \/>\n<\/div>\n<div class=\"widget_wysija_cont shortcode_wysija\">\n    <div class=\"wysija-paragraph\">\n        <span class=\"wpcf7-form-control-wrap\" data-name=\"Din-email\"><input size=\"40\" maxlength=\"400\" class=\"wpcf7-form-control wpcf7-email wpcf7-validates-as-required wpcf7-text wpcf7-validates-as-email form-control wysija-input\" aria-required=\"true\" aria-invalid=\"false\" placeholder=\"E-mail adresse\" value=\"\" type=\"email\" name=\"Din-email\" \/><\/span>\n    <\/div>\n    <div class=\"d-table-cell\">\n        <input class=\"wpcf7-form-control wpcf7-submit has-spinner btn btn-dark wysija-submit\" type=\"submit\" value=\"TILMELD\" \/>\n    <\/div>\n<\/div><p style=\"display: none !important;\" class=\"akismet-fields-container\" data-prefix=\"_wpcf7_ak_\"><label>&#916;<textarea name=\"_wpcf7_ak_hp_textarea\" cols=\"45\" rows=\"8\" maxlength=\"100\"><\/textarea><\/label><input type=\"hidden\" id=\"ak_js_1\" name=\"_wpcf7_ak_js\" value=\"43\"\/><script>document.getElementById( \"ak_js_1\" ).setAttribute( \"value\", ( new Date() ).getTime() );<\/script><\/p><div class=\"wpcf7-response-output\" aria-hidden=\"true\"><\/div>\n<\/form>\n<\/div>\n[vc_empty_space][vc_custom_heading text=&#8221;Ved at trykke p\u00e5 &#8220;Tilmeld&#8220; siger du ja til at Yammi.dk videregiver din e-mail og dit postnummer til MailChimp, som er vores e-mail platform leverand\u00f8r. Det g\u00f8r vi med det form\u00e5l at kunne sende dig de gode tilbud p\u00e5 e-mail, som beder os om. Du kan til hver en tid tr\u00e6kke dit samtykke tilbage igen.&#8221; font_container=&#8221;tag:h6|font_size:1rem|text_align:left|color:%23777777|line_height:1.4&#8243; use_theme_fonts=&#8221;yes&#8221; font_weight=&#8221;400&#8243; el_class=&#8221;mb-4&#8243;]<style>.banner-pos-bfcbae4c8532bb0d44173291ffced35b {left:5%;right: unset;top: 50%;bottom: unset;transform: translateY(-50%);}<\/style><\/div><\/div><\/div>[\/vc_column][\/vc_row]<\/p>\n<\/div>","protected":false},"excerpt":{"rendered":"<p>[vc_row wrap_container=&#8221;yes&#8221;][vc_column][\/vc_column][\/vc_row]<\/p>\n","protected":false},"author":1,"featured_media":0,"parent":0,"menu_order":0,"comment_status":"closed","ping_status":"closed","template":"","meta":{"footnotes":""},"class_list":["post-3098","page","type-page","status-publish","hentry"],"yoast_head":"<!-- This site is optimized with the Yoast SEO plugin v23.7 - https:\/\/yoast.com\/wordpress\/plugins\/seo\/ -->\n<title>Nyhedsbrev - Yammi Takeaway<\/title>\n<meta name=\"robots\" content=\"noindex, follow, max-snippet:-1, max-image-preview:large, max-video-preview:-1\" \/>\n<meta property=\"og:locale\" content=\"da_DK\" \/>\n<meta property=\"og:type\" content=\"article\" \/>\n<meta property=\"og:title\" content=\"Nyhedsbrev - Yammi Takeaway\" \/>\n<meta property=\"og:description\" content=\"[vc_row wrap_container=&#8221;yes&#8221;][vc_column][\/vc_column][\/vc_row]\" \/>\n<meta property=\"og:url\" content=\"https:\/\/www.yammi.dk\/takeaway\/nyhedsbrev\/\" \/>\n<meta property=\"og:site_name\" content=\"Yammi Takeaway\" \/>\n<meta property=\"article:modified_time\" content=\"2020-05-29T22:48:12+00:00\" \/>\n<meta name=\"twitter:card\" content=\"summary_large_image\" \/>\n<meta name=\"twitter:label1\" content=\"Estimeret l\u00e6setid\" \/>\n\t<meta name=\"twitter:data1\" content=\"1 minut\" \/>\n<script type=\"application\/ld+json\" class=\"yoast-schema-graph\">{\"@context\":\"https:\/\/schema.org\",\"@graph\":[{\"@type\":\"WebPage\",\"@id\":\"https:\/\/www.yammi.dk\/takeaway\/nyhedsbrev\/\",\"url\":\"https:\/\/www.yammi.dk\/takeaway\/nyhedsbrev\/\",\"name\":\"Nyhedsbrev - Yammi Takeaway\",\"isPartOf\":{\"@id\":\"https:\/\/www.yammi.dk\/takeaway\/#website\"},\"datePublished\":\"2020-05-24T11:51:15+00:00\",\"dateModified\":\"2020-05-29T22:48:12+00:00\",\"breadcrumb\":{\"@id\":\"https:\/\/www.yammi.dk\/takeaway\/nyhedsbrev\/#breadcrumb\"},\"inLanguage\":\"da-DK\",\"potentialAction\":[{\"@type\":\"ReadAction\",\"target\":[\"https:\/\/www.yammi.dk\/takeaway\/nyhedsbrev\/\"]}]},{\"@type\":\"BreadcrumbList\",\"@id\":\"https:\/\/www.yammi.dk\/takeaway\/nyhedsbrev\/#breadcrumb\",\"itemListElement\":[{\"@type\":\"ListItem\",\"position\":1,\"name\":\"Hjem\",\"item\":\"https:\/\/www.yammi.dk\/takeaway\/\"},{\"@type\":\"ListItem\",\"position\":2,\"name\":\"Nyhedsbrev\"}]},{\"@type\":\"WebSite\",\"@id\":\"https:\/\/www.yammi.dk\/takeaway\/#website\",\"url\":\"https:\/\/www.yammi.dk\/takeaway\/\",\"name\":\"Yammi Takeaway\",\"description\":\"Yammi.dk - Bestil Take Away Mad - Pizza, Burger, Kebab, Sushi og mere\",\"potentialAction\":[{\"@type\":\"SearchAction\",\"target\":{\"@type\":\"EntryPoint\",\"urlTemplate\":\"https:\/\/www.yammi.dk\/takeaway\/?s={search_term_string}\"},\"query-input\":{\"@type\":\"PropertyValueSpecification\",\"valueRequired\":true,\"valueName\":\"search_term_string\"}}],\"inLanguage\":\"da-DK\"}]}<\/script>\n<!-- \/ Yoast SEO plugin. -->","yoast_head_json":{"title":"Nyhedsbrev - Yammi Takeaway","robots":{"index":"noindex","follow":"follow","max-snippet":"max-snippet:-1","max-image-preview":"max-image-preview:large","max-video-preview":"max-video-preview:-1"},"og_locale":"da_DK","og_type":"article","og_title":"Nyhedsbrev - Yammi Takeaway","og_description":"[vc_row wrap_container=&#8221;yes&#8221;][vc_column][\/vc_column][\/vc_row]","og_url":"https:\/\/www.yammi.dk\/takeaway\/nyhedsbrev\/","og_site_name":"Yammi Takeaway","article_modified_time":"2020-05-29T22:48:12+00:00","twitter_card":"summary_large_image","twitter_misc":{"Estimeret l\u00e6setid":"1 minut"},"schema":{"@context":"https:\/\/schema.org","@graph":[{"@type":"WebPage","@id":"https:\/\/www.yammi.dk\/takeaway\/nyhedsbrev\/","url":"https:\/\/www.yammi.dk\/takeaway\/nyhedsbrev\/","name":"Nyhedsbrev - Yammi Takeaway","isPartOf":{"@id":"https:\/\/www.yammi.dk\/takeaway\/#website"},"datePublished":"2020-05-24T11:51:15+00:00","dateModified":"2020-05-29T22:48:12+00:00","breadcrumb":{"@id":"https:\/\/www.yammi.dk\/takeaway\/nyhedsbrev\/#breadcrumb"},"inLanguage":"da-DK","potentialAction":[{"@type":"ReadAction","target":["https:\/\/www.yammi.dk\/takeaway\/nyhedsbrev\/"]}]},{"@type":"BreadcrumbList","@id":"https:\/\/www.yammi.dk\/takeaway\/nyhedsbrev\/#breadcrumb","itemListElement":[{"@type":"ListItem","position":1,"name":"Hjem","item":"https:\/\/www.yammi.dk\/takeaway\/"},{"@type":"ListItem","position":2,"name":"Nyhedsbrev"}]},{"@type":"WebSite","@id":"https:\/\/www.yammi.dk\/takeaway\/#website","url":"https:\/\/www.yammi.dk\/takeaway\/","name":"Yammi Takeaway","description":"Yammi.dk - Bestil Take Away Mad - Pizza, Burger, Kebab, Sushi og mere","potentialAction":[{"@type":"SearchAction","target":{"@type":"EntryPoint","urlTemplate":"https:\/\/www.yammi.dk\/takeaway\/?s={search_term_string}"},"query-input":{"@type":"PropertyValueSpecification","valueRequired":true,"valueName":"search_term_string"}}],"inLanguage":"da-DK"}]}},"_links":{"self":[{"href":"https:\/\/www.yammi.dk\/takeaway\/wp-json\/wp\/v2\/pages\/3098"}],"collection":[{"href":"https:\/\/www.yammi.dk\/takeaway\/wp-json\/wp\/v2\/pages"}],"about":[{"href":"https:\/\/www.yammi.dk\/takeaway\/wp-json\/wp\/v2\/types\/page"}],"author":[{"embeddable":true,"href":"https:\/\/www.yammi.dk\/takeaway\/wp-json\/wp\/v2\/users\/1"}],"replies":[{"embeddable":true,"href":"https:\/\/www.yammi.dk\/takeaway\/wp-json\/wp\/v2\/comments?post=3098"}],"version-history":[{"count":23,"href":"https:\/\/www.yammi.dk\/takeaway\/wp-json\/wp\/v2\/pages\/3098\/revisions"}],"predecessor-version":[{"id":3423,"href":"https:\/\/www.yammi.dk\/takeaway\/wp-json\/wp\/v2\/pages\/3098\/revisions\/3423"}],"wp:attachment":[{"href":"https:\/\/www.yammi.dk\/takeaway\/wp-json\/wp\/v2\/media?parent=3098"}],"curies":[{"name":"wp","href":"https:\/\/api.w.org\/{rel}","templated":true}]}}